 x be m(-6). Suppose 3*k + 1 + x = 0. List the prime factors of k/(-3) - (-110)/3.
37
Suppose -3*r = -2*r + a - 12, -3*a + 1 = -2*r. Suppose 110 = 2*s + 3*p, -4*s - 3*p = -r*p - 240. List the prime factors of s.
2, 29
Suppose -174 = -2*z + 526. Suppose -z = 3*t - 5*t. What are the prime factors of t?
5, 7
Let m(t) = -276*t - 14. What are the prime factors of m(-1)?
2, 131
Suppose -3*p - 172 = -4*c, -13*c + 10*c - 4*p = -129. What are the prime factors of c?
43
Let o(k) = -k**3 - 8*k**2 + 6*k - 7. Let q be o(-9). Suppose -3*u + 2*z = -3*z - q, -4*u = -z - 21. Suppose -u*j = -11 - 19. List the prime factors of j.
2, 3
Suppose 332*a - 335*a + 14493 = 0. List the prime factors of a.
4831
Let f(o) = -5 - o**3 + 3 + 1 + 5*o**3. Let x be f(1). Suppose 15 = 5*g, -x*c = -5*g - 21 - 27. List the prime factors of c.
3, 7
Let h(v) be the first derivative of 4*v**3/3 - v**2 + 6*v - 7. List the prime factors of h(-3).
2, 3
Let i(h) = h**3 + 15*h**2 + 15*h + 15. Let p be i(-14). List the prime factors of (-2 - p) + -1 - -2 - -173.
3, 19
Suppose 4*m + 0*m - 2*v = 24, -4 = -4*m - 3*v. Suppose -215 = 5*w + 3*i, -86 = 2*w - 0*i - m*i. Let g = 83 + w. List the prime factors of g.
2, 5
Suppose 2*j - q - 3679 = -663, 3*j - 3*q - 4518 = 0. List the prime factors of j.
2, 5, 151
Suppose -z + 21 - 16 = 0. Suppose z*f - 171 - 374 = 0. List the prime factors of f.
109
List the prime factors of (-4)/(-18)*-3*9594/(-12).
13, 41
Suppose 11*v - 22*v = -3157. What are the prime factors of v?
7, 41
Suppose 3*n - 3*s = 12, -n + 4*s = 4*n - 21. Suppose 10 = -2*h, -f = 4*f + n*h - 115. List the prime factors of f.
2, 7
Let q = -45 - -61. Suppose 4*u - 3*u = 11. Let x = q - u. What are the prime factors of x?
5
Let n(g) = -549*g - 428. List the prime factors of n(-6).
2, 1433
Let h be 3/7 - 555/21. Let k = h - -47. Suppose -26 = -l + k. What are the prime factors of l?
47
Suppose -4*s = 4*y - 6380, -6390 = -4*s - 2*y + 3*y. What are the prime factors of s?
1597
Suppose 4*i - 6 = -2*j, 0*j - 2*j + 4*i = -6. Suppose 0 = -5*y + 2*h + 118 + 36, 2*h - 102 = -3*y. Suppose -r + y = j*r. What are the prime factors of r?
2
Suppose -6*z - 65 = -19*z. List the prime factors of z.
5
Suppose 4390 = 199*s - 195*s + 2*w, -2*s = -2*w - 2192. List the prime factors of s.
1097
Let a(m) = -m**2 - 6*m + 1. Let p be a(-5). Let n(q) = q**3 - 7*q**2 + 6*q. Let z be n(p). Suppose z = -2*i - 29 + 105. What are the prime factors of i?
2, 19
Suppose -9700 = -4*y + n, 2*y - 3*n = 7*y - 12125. What are the prime factors of y?
5, 97
Let j(o) = 36*o - 37. What are the prime factors of j(11)?
359
Suppose -u = 5*g - 434, -2*u + 5*g = -5*u + 1302. List the prime factors of u.
2, 7, 31
Let v = -498 + 1065. List the prime factors of v.
3, 7
Suppose 14 = 5*w - 6. Suppose 0 = -t - w*c + 140, 5*t + 0*c + 5*c = 760. What are the prime factors of t?
2, 3, 13
Suppose 0 = -3*r - 2*r - 5*v + 325, 220 = 3*r - 2*v. Suppose r = m - 12. What are the prime factors of m?
2, 41
Let z = -17 + 19. Suppose -1 = -3*i - p + 138, z = 2*p. What are the prime factors of i?
2, 23
Let q(u) = 6*u**2 + u + 7. Let r be q(-5). Let g = -99 + r. List the prime factors of g.
53
Suppose 0 = -2*v + d + 11, -5 = -v + d. Suppose v*l = 2*l - 4. List the prime factors of l/(-2) - 82/(-4).
3, 7
Suppose -566 = -15*j + 6034. What are the prime factors of j?
2, 5, 11
Let l = -478 - -1355. List the prime factors of l.
877
What are the prime factors of (-2079)/18*(-6)/9?
7, 11
What are the prime factors of 13203/7 + (-400)/350?
5, 13, 29
Suppose 0 = -4*f - 8, -5*u = 2*f - 0 + 4. Let c = u - -4. Suppose -5*n = 4*g - 111, 4*g - 35 - 49 = c*n. What are the prime factors of g?
2, 3
Let n(b) = 27*b - 145. What are the prime factors of n(23)?
2, 7, 17
Let k = -1 + 1. Suppose 90 = -k*w + 3*w. What are the prime factors of (w + 10)/(0 + 1)?
2, 5
Let g = 56 + 166. What are the prime factors of g?
2, 3, 37
Let i = -7 - -12. Let j be (12/(-5))/(1/i). Let d(q) = q + 28. What are the prime factors of d(j)?
2
Let p = -1442 - -2782. List the prime factors of p.
2, 5, 67
Let a be 78/(-4) - (-19)/(-38). Let p = -14 - a. Suppose -p*j + 4*j = -118. List the prime factors of j.
59
List the prime factors of 1*(-2514)/(-4)*(-106)/(-159).
419
Suppose -2 = -6*l + 8*l, -1624 = -5*b - l. List the prime factors of b.
5, 13
Suppose -50*l + 48 = -47*l. Let m(z) = -z**3 - 4*z**2 + 2*z + 6. Let h be m(-5). Let t = h + l. What are the prime factors of t?
37
Suppose 4*q + 5*n - 488 = 0, -3*q + 221 + 145 = -2*n. List the prime factors of q.
2, 61
Suppose 3*h + 97 = 5*v, 3*h = 2*h + 5*v - 29. Let w be ((-1)/(-2))/((-17)/h). What are the prime factors of (1 + w)*133/14?
19
Let x = -72 + -36. Let v = -59 - x. List the prime factors of v.
7
Let c = 10 - 5. Suppose 64 - 294 = -c*b. List the prime factors of b.
2, 23
Suppose 3*l = -11*l + 6832. Let b = l + -306. What are the prime factors of b?
2, 7, 13
Suppose -395 = -4*n + y, 2*n - y - 175 = 4*y. What are the prime factors of n?
2, 5
Let x be 3420/(-14) + 78/(-21) + 4. What are the prime factors of 3*(4 + x/(-12))?
73
Let f(a) = a**2 - 3*a + 224. List the prime factors of f(0).
2, 7
List the prime factors of ((-8001)/84)/(3/(-8)).
2, 127
Suppose 3449 = 4*t + f - 1120, 0 = -4*t - 2*f + 4574. What are the prime factors of t?
7, 163
Suppose -3*z + 3 = -5*q, 2*q = 3*z - q - 9. Suppose -4*w + z*w = 4. Suppose -7*i + w*i = -65. List the prime factors of i.
13
Suppose -3*y - 4*s = -3608, -7 = -3*s + 8. List the prime factors of y.
2, 13, 23
Suppose -g + n = -13, 0 = 2*g + 4*n - 14. Suppose 0 = -7*m + g*m - 200. List the prime factors of m.
2, 5
Let s(b) = b**3 - 3*b**2 - 14*b + 1. Let d be s(6). Let o = -23 + d. What are the prime factors of (-526)/(-10) - o/(-5)?
53
Let s(o) = -21*o + 4. What are the prime factors of s(-5)?
109
Let n(d) = 2*d**2 + 15*d + 87. List the prime factors of n(19).
2, 547
Suppose 0 = 5*o - 6*o. Suppose 17 = 4*v - 3*h, 5*h = -v - o*v - 13. Suppose -u = -2*u + 3*q + 33, -q + 66 = v*u. What are the prime factors of u?
3, 11
Suppose 5*v + m - 4 = 7, -3*v - 5*m = -11. Suppose 376 - 76 = 5*j. Suppose -12 = -v*l + j. What are the prime factors of l?
2, 3
Suppose -3*s + 7*s + 72 = 0. Let q be s*(49/2)/(-7). Let u = -41 + q. What are the prime factors of u?
2, 11
Suppose 2*p - 211 = -4*a + 579, 5*p + 950 = 5*a. Suppose -49*o + 50*o = a. What are the prime factors of o?
3, 5, 13
Let x(t) = 2*t**2 - t - 5. Let q be x(4). Suppose q + 4 = 3*u. What are the prime factors of u?
3
Let z be (-12)/36*(-375 + 0). What are the prime factors of z/10 - 6/(-4)?
2, 7
List the prime factors of 57798/90 + (-8)/(-10).
643
Let n be (-4*1)/(-2 - -1). Suppose 3*r = 7*r + 8, -r = -a + n. Suppose -4*z + j + 32 + 5 = 0, 0 = 4*z + a*j - 22. What are the prime factors of z?
2
Let x = 832 + -568. List the prime factors of x.
2, 3, 11
Let m be 2 - (3 - 1) - -44. Let r = -106 - -82. Let b = m + r. List the prime factors of b.
2, 5
Let x(f) = -2*f**3 - 2*f**2 - f - 2. Let y be x(-2). Suppose p + p = y. Suppose p*j - 2*a - 96 = -a, 4*j - 96 = -4*a. List the prime factors of j.
2, 3
Suppose -385*o - 16830 = -390*o. What are the prime factors of o?
2, 3, 11, 17
What are the prime factors of (-4 + 470)*((-33)/(-6) + -4)?
3, 233
Suppose -5*b - 219 = -u - u, 5*u = -b + 615. Let o = u - 72. List the prime factors of o.
2, 5
Suppose -4*n + 5*n - 15 = 5*t, 3*t + 4*n = -32. Let a be (1/t)/(1/(-428)). Suppose 5*r + 32 = a. What are the prime factors of r?
3, 5
Let d = 30 - 30. Suppose d = -y + 32 + 25. What are the prime factors of y?
3, 19
Let a(s) = 2 + 6*s - s**2 - 2*s - 3*s. Let d be a(-1). Suppose -42 = -3*u + 3*n, -5*u = -d*u - n - 82. List the prime factors of u.
17
Let x(u) = 3*u**2 + 6*u - 10. Let v(l) = -7*l**2 - 11*l + 21. Let r(o) = -2*v(o) - 5*x(o). Let s be r(-8). What are the prime factors of 51/7 - s/28?
7
Let r(l) = 17*l. Let g be r(3). Suppose -w + g = -81. Suppose o = -4*o - 2*x + w, 0 = 2*o - 5*x - 47. List the prime factors of o.
2, 13
Let i(t) = 2*t - 3. Let o be i(-3). What are the prime factors of o/(-2) + 9/(-6)?
3
Suppose 2 = g, 2*d - 7608 = -4*g + 4576. List the prime factors of d.
2, 761
Let a = -10 - -13. Suppose -9*v - 56 = -13*v. Suppose -a*f + 5*l - v = -49, -3*l - 85 = -5*f. What are the prime factors of f?
2, 5
Suppose 2*h - 7 = -s, 4*s